 of 17?
False
Is 396088 a multiple of 14?
True
Does 64 divide 2751144?
False
Is 9 a factor of 400383?
True
Is 9379 a multiple of 3?
False
Is 12 a factor of 17808?
True
Does 157 divide 26219?
True
Is 119084 a multiple of 14?
True
Does 1020 divide 4338060?
True
Is 4044375 a multiple of 702?
False
Does 13 divide 1290151?
False
Is 590884 a multiple of 47?
True
Is 226 a factor of 149160?
True
Is 282551 a multiple of 638?
False
Is 222 a factor of 6652896?
True
Is 761 a factor of 7808959?
False
Is 501 a factor of 11884839?
False
Is 1294 a factor of 3181017?
False
Is 5 a factor of 158430?
True
Is 1183 a factor of 2293974?
False
Does 4 divide 236376?
True
Is 47 a factor of 1290124?
False
Is 2717736 a multiple of 28?
True
Is 539215 a multiple of 59?
False
Is 17 a factor of 91910?
False
Does 7 divide 147973?
True
Does 14 divide 5529484?
False
Is 839 a factor of 3039071?
False
Is 1269 a factor of 5884724?
False
Does 62 divide 5171916?
True
Is 2649434 a multiple of 19?
False
Is 309080 a multiple of 5?
True
Is 88833 a multiple of 208?
False
Is 180721 a multiple of 57?
False
Is 10 a factor of 1550850?
True
Is 97495 a multiple of 2?
False
Is 88 a factor of 241208?
True
Is 1285 a factor of 19934205?
True
Is 48427 a multiple of 178?
False
Is 2050948 a multiple of 58?
False
Does 37 divide 8791934?
False
Is 4291581 a multiple of 16?
False
Does 776 divide 1710304?
True
Is 141244 a multiple of 19?
False
Does 107 divide 166910?
False
Does 186 divide 572403?
False
Is 115 a factor of 9144948?
False
Is 703384 a multiple of 88?
True
Is 2727880 a multiple of 40?
True
Is 33 a factor of 104445?
True
Is 145703 even?
False
Does 25 divide 43351?
False
Is 15 a factor of 18866617?
False
Is 619940 a multiple of 10?
True
Is 38 a factor of 2599694?
True
Does 83 divide 436720?
False
Does 95 divide 63175?
True
Is 136 a factor of 664614?
False
Does 29 divide 832474?
True
Is 7412150 a multiple of 30?
False
Is 2005161 a multiple of 141?
True
Is 42 a factor of 557676?
True
Does 315 divide 580133?
False
Does 161 divide 96439?
True
Does 192 divide 4416?
True
Is 3 a factor of 4695?
True
Does 150 divide 4419600?
True
Does 5 divide 188935?
True
Is 65319 a multiple of 3?
True
Is 46790 a multiple of 19?
False
Is 2021570 a multiple of 565?
True
Is 843244 a multiple of 586?
False
Is 17 a factor of 11882252?
True
Is 17938305 a multiple of 147?
False
Does 18 divide 16231?
False
Is 527669 a multiple of 109?
True
Is 145 a factor of 3883100?
True
Does 287 divide 8109472?
True
Is 91 a factor of 154245?
True
Does 22 divide 165022?
True
Is 34 a factor of 66606?
True
Is 320541 a multiple of 12?
False
Is 40 a factor of 49920?
True
Does 549 divide 2215215?
True
Is 14990386 a multiple of 502?
False
Is 754 a factor of 6688393?
False
Is 3240643 a multiple of 269?
True
Is 128 a factor of 3622726?
False
Is 8 a factor of 89064?
True
Does 174 divide 6463448?
False
Is 2956448 a multiple of 74?
True
Is 552870 a multiple of 153?
False
Does 36 divide 81762?
False
Is 69943 a multiple of 11?
False
Is 42050358 a multiple of 13?
False
Is 553471 a multiple of 1512?
False
Does 10 divide 221014?
False
Does 45 divide 137295?
True
Is 313637 a multiple of 28?
False
Is 463 a factor of 9544066?
False
Is 141 a factor of 116228?
False
Is 15382672 a multiple of 16?
True
Is 2500275 a multiple of 244?
False
Does 972 divide 4077065?
False
Does 199 divide 1855958?
False
Is 4185278 a multiple of 974?
True
Is 139216 a multiple of 56?
True
Does 3 divide 1726831?
False
Is 172 a factor of 1559524?
True
Is 30 a factor of 262187?
False
Is 337638 a multiple of 38?
False
Is 8 a factor of 1891122?
False
Is 22458 a multiple of 18?
False
Does 60 divide 81300?
True
Does 8 divide 780232?
True
Is 13 a factor of 350088?
False
Does 863 divide 6243621?
False
Is 139 a factor of 91045?
True
Is 334 a factor of 1316962?
True
Is 193 a factor of 1756675?
False
Is 18710 a multiple of 3?
False
Does 200 divide 10475600?
True
Does 377 divide 1065025?
True
Is 22 a factor of 40564?
False
Is 2866 even?
True
Is 43 a factor of 116874?
True
Does 53 divide 2890779?
True
Does 462 divide 418213?
False
Is 661924 a multiple of 254?
True
Is 172 a factor of 22607586?
False
Is 75878 a multiple of 4?
False
Is 45 a factor of 15120?
True
Is 1458913 a multiple of 39?
False
Is 24 a factor of 32040?
True
Does 65 divide 62140?
True
Is 9 a factor of 501948?
True
Does 280 divide 570581?
False
Is 122 a factor of 5396?
False
Does 22 divide 5489629?
False
Does 66 divide 174570?
True
Is 25 a factor of 19000?
True
Is 1657104 a multiple of 839?
False
Does 611 divide 1815103?
False
Is 270664 a multiple of 58?
False
Does 645 divide 1925325?
True
Is 48 a factor of 2181542?
False
Is 81468 a multiple of 186?
True
Is 26 a factor of 157014?
True
Is 592658 a multiple of 158?
True
Is 249 a factor of 81921?
True
Is 151 a factor of 1650086?
False
Is 11 a factor of 272501?
False
Is 3756994 a multiple of 41?
True
Does 11 divide 418990?
True
Is 12 a factor of 87579?
False
Is 6 a factor of 410011?
False
Is 215558 a multiple of 17?
False
Does 75 divide 712773?
False
Is 934573 a multiple of 12?
False
Is 213248 a multiple of 238?
True
Does 151 divide 129256?
True
Is 6 a factor of 684906?
True
Does 34 divide 299091?
False
Is 21 a factor of 337760?
False
Is 346 a factor of 1362548?
True
Is 361 a factor of 71130?
False
Does 108 divide 176479?
False
Is 89 a factor of 38537?
True
Is 1313 a multiple of 7?
False
Is 4316531 a multiple of 143?
False
Does 16 divide 364128?
True
Is 41595 a multiple of 59?
True
Is 10806345 a multiple of 855?
True
Is 13 a factor of 315705?
True
Does 30 divide 590700?
True
Is 1587994 a multiple of 526?
True
Does 223 divide 912962?
True
Is 2 a factor of 83318?
True
Is 539362 a multiple of 61?
True
Does 14 divide 1179626?
True
Is 16 a factor of 204569?
False
Does 32 divide 3232060?
False
Is 818 a factor of 7173719?
False
Is 3527 a multiple of 2?
False
Does 158 divide 469418?
True
Is 333 a factor of 45620?
False
Is 155850 a multiple of 15?
True
Is 1134080 a multiple of 10?
True
Is 326916 a multiple of 162?
True
Is 198 a factor of 124344?
True
Does 44 divide 145904?
True
Is 10 a factor of 155630?
True
Is 137907 a multiple of 18?
False
Is 243 a factor of 891742?
False
Is 470030 a multiple of 11?
True
Is 43 a factor of 69660?
True
Does 3 divide 189785?
False
Does 161 divide 4589949?
True
Is 15 a factor of 572334?
False
Does 782 divide 113808?
False
Does 71 divide 288098?
False
Is 39 a factor of 52806?
True
Does 218 divide 672966?
True
Does 10 divide 107190?
True
Is 2949387 a multiple of 167?
True
Is 143 a factor of 10138774?
False
Is 654 a factor of 648114?
True
Is 17 a factor of 346494?
True
Does 1551 divide 9651873?
True
Is 1493500 a multiple of 221?
False
Is 1152127 a multiple of 91?
False
Does 15 divide 2234220?
True
Is 25 a factor of 1336950?
True
Does 744 divide 2460906?
False
Is 4 a factor of 89518?
False
Is 1190120 a multiple of 31?
False
Is 9 a factor of 3598941?
False
Does 257 divide 12809945?
False
Is 206318 a multiple of 36?
False
Is 5906799 a multiple of 9?
True
Is 2667100 a multiple of 179?
True
Is 208704 a multiple of 31?
False
Is 195 a factor of 4007640?
True
Is 151 a factor of 911889?
True
Is 12 a factor of 130676?
False
Is 54 a factor of 373194?
True
Is 539 a factor of 364903?
True
Is 23 a factor of 4912936?
False
Is 8447839 a multiple of 827?
False
Is 9 a factor of 1895526?
True
Is 8 a factor of 57080?
True
Is 19 a factor of 257469?
True
Does 157 divide 331113?
True
Does 552 divide 2426244?
False
Does 224 divide 11596027?
False
Is 325 a factor of 65296?
False
Is 50025 a multiple of 69?
True
Is 122 a factor of 1537049?
False
Is 40629 a multiple of 54?
False
Is 167 a factor of 861828?
False
Does 5 divide 65046?
False
Does 9 divide 6618843?
True
Is 7 a factor of 3527941?
False
Does 229 divide 645780?
True
Is 8 a factor of 80840?
True
Does 24 divide 48960?
True
Is 145 a factor of 9825635?
True
Does 561 divide 7770972?
True
Is 35862 even?
True
Does 231 divide 517860?
False
Is 351 a factor of 17550?
True
Does 14 divide 394912?
True
Is 1926272 a multiple of 298?
True
Is 59456 a multiple of 64?
True
Does 16 divide 7289120?
True
Is 2795228 a multiple of 157?
True
Is 201 a factor of 30150?
True
Is 25526 even?
True
Does 11 divide 562874?
False
Is 23490615 a multiple of 10?
False
Is 